{"id":656,"date":"2021-07-10T17:44:25","date_gmt":"2021-07-10T17:44:25","guid":{"rendered":"https:\/\/www.amatsuchi.be\/?page_id=656"},"modified":"2023-08-28T17:29:15","modified_gmt":"2023-08-28T17:29:15","slug":"horaires-tarifs","status":"publish","type":"page","link":"https:\/\/www.amatsuchi.be\/?page_id=656","title":{"rendered":"Horaires \/ Tarifs"},"content":{"rendered":"\n<figure class=\"wp-block-image alignfull size-large\"><img loading=\"lazy\" decoding=\"async\" width=\"1904\" height=\"1365\" src=\"https:\/\/www.amatsuchi.be\/wp-content\/uploads\/2021\/07\/entree23siteamatsuchidojo.jpeg\" alt=\"\" class=\"wp-image-713\"\/><\/figure>\n\n\n\n<h1 class=\"wp-block-heading has-background-color has-text-color has-background has-normal-font-size\" style=\"background-color:#612866\"><span class=\"uppercase\">HORAIRES &#8211; TARIFS<\/span><\/h1>\n\n\n\n<p class=\"has-normal-font-size\"><strong>Enfants<\/strong><br>(de 7 \u00e0 14 ans)<br>Les <strong>Samedis<\/strong> de <strong>10h30 <\/strong>\u00e0<strong> 12h30<\/strong><\/p>\n\n\n\n<p class=\"has-normal-font-size\"><strong>Adultes<\/strong><br>(\u00e0 partir de 14 ans)<br>Les <strong>lundis<\/strong> et <strong>jeudis<\/strong> de <strong>19h<\/strong> \u00e0 <strong>20h30<\/strong><\/p>\n\n\n\n<figure class=\"wp-block-table\"><table><tbody><tr><td><strong><span style=\"text-decoration:underline;\">Enfants<\/span><br><\/strong><br><\/td><td><strong><span class=\"has-inline-color has-foreground-color\">7 \u00e0 14 ans :<\/span><\/strong><br>Cotisation : <strong>150 \u20ac  <strong>ou 2 x 75 \u20ac<\/strong><\/strong> <strong>(pour 10 mois) d\u00e9gressif <\/strong><br><strong>Licence\/Assurance : <br>30 \u20ac (pour 12 mois)<\/strong><\/td><\/tr><tr><td><strong><span style=\"text-decoration:underline;\">Adultes<\/span><\/strong><br><\/td><td><span class=\"has-inline-color has-foreground-color\"><strong>&lt;14 ans :<\/strong> <\/span><br>Cotisation : <strong>250 \u20ac ou 2 x 125 \u20ac (pour 10 mois) d\u00e9gressif <\/strong><br><strong>Licence\/Assurance : 35 \u20ac (pour 12 mois)<\/strong><\/td><\/tr><\/tbody><\/table><\/figure>\n\n\n\n<p>A verser sur le compte <strong>BE60 363144212970<\/strong> au plus tard le dernier jour du mois d\u00e9but\u00e9.<\/p>\n\n\n\n<p><\/p>\n\n\n\n<figure class=\"wp-block-image alignfull size-large\"><img loading=\"lazy\" decoding=\"async\" width=\"4258\" height=\"376\" src=\"https:\/\/www.amatsuchi.be\/wp-content\/uploads\/2021\/06\/fondsnoir-3.png\" alt=\"\" class=\"wp-image-249\"\/><\/figure>\n\n\n\n<figure class=\"wp-block-image alignfull size-large\"><img loading=\"lazy\" decoding=\"async\" width=\"4258\" height=\"204\" src=\"https:\/\/www.amatsuchi.be\/wp-content\/uploads\/2021\/07\/fondsmauveaslogo.png\" alt=\"\" class=\"wp-image-529\"\/><\/figure>\n\n\n\n<p><\/p>\n\n\n<div class=\"wp-block-image\">\n<figure class=\"aligncenter size-large\"><a href=\"https:\/\/www.amatsuchi.be\/?page_id=9\"><img loading=\"lazy\" decoding=\"async\" width=\"245\" height=\"239\" src=\"https:\/\/www.amatsuchi.be\/wp-content\/uploads\/2021\/07\/lien-bas-de-page-ama-tsu-chi.png\" alt=\"\" class=\"wp-image-527\"\/><\/a><\/figure>\n<\/div>\n\n\n<p class=\"has-text-align-center\"><strong>CONTACT<\/strong><\/p>\n\n\n\n<figure class=\"wp-block-image alignfull size-large\"><img loading=\"lazy\" decoding=\"async\" width=\"4258\" height=\"376\" src=\"https:\/\/www.amatsuchi.be\/wp-content\/uploads\/2021\/06\/fondsnoir-3.png\" alt=\"\" class=\"wp-image-249\"\/><\/figure>\n","protected":false},"excerpt":{"rendered":"<p>HORAIRES &#8211; TARIFS Enfants(de 7 \u00e0 14 ans)Les Samedis de 10h30 \u00e0 12h30 Adultes(\u00e0 partir de 14 ans)Les lundis et jeudis de 19h \u00e0 20h30 Enfants 7 \u00e0 14 ans :Cotisation : 150 \u20ac ou 2 x 75 \u20ac (pour 10 mois) d\u00e9gressif Licence\/Assurance : 30 \u20ac (pour 12 mois) Adultes &lt;14 ans : Cotisation<a class=\"more-link\" href=\"https:\/\/www.amatsuchi.be\/?page_id=656\">Continue reading <span class=\"screen-reader-text\">&#8220;Horaires \/ Tarifs&#8221;<\/span><\/a><\/p>\n","protected":false},"author":2,"featured_media":0,"parent":0,"menu_order":0,"comment_status":"closed","ping_status":"closed","template":"","meta":{"footnotes":""},"class_list":["post-656","page","type-page","status-publish","hentry","entry"],"_links":{"self":[{"href":"https:\/\/www.amatsuchi.be\/index.php?rest_route=\/wp\/v2\/pages\/656","targetHints":{"allow":["GET"]}}],"collection":[{"href":"https:\/\/www.amatsuchi.be\/index.php?rest_route=\/wp\/v2\/pages"}],"about":[{"href":"https:\/\/www.amatsuchi.be\/index.php?rest_route=\/wp\/v2\/types\/page"}],"author":[{"embeddable":true,"href":"https:\/\/www.amatsuchi.be\/index.php?rest_route=\/wp\/v2\/users\/2"}],"replies":[{"embeddable":true,"href":"https:\/\/www.amatsuchi.be\/index.php?rest_route=%2Fwp%2Fv2%2Fcomments&post=656"}],"version-history":[{"count":25,"href":"https:\/\/www.amatsuchi.be\/index.php?rest_route=\/wp\/v2\/pages\/656\/revisions"}],"predecessor-version":[{"id":928,"href":"https:\/\/www.amatsuchi.be\/index.php?rest_route=\/wp\/v2\/pages\/656\/revisions\/928"}],"wp:attachment":[{"href":"https:\/\/www.amatsuchi.be\/index.php?rest_route=%2Fwp%2Fv2%2Fmedia&parent=656"}],"curies":[{"name":"wp","href":"https:\/\/api.w.org\/{rel}","templated":true}]}}